t the prime factors of 624244198.
2, 29, 10762831
What are the prime factors of 1988989956?
2, 3, 55249721
What are the prime factors of 632195825?
5, 23, 47, 149, 157
What are the prime factors of 294858342?
2, 3, 1913, 8563
List the prime factors of 49547533.
7, 7078219
List the prime factors of 412700327.
13, 1409, 22531
What are the prime factors of 544070750?
2, 5, 23, 94621
List the prime factors of 2316830257.
7, 330975751
List the prime factors of 281296954.
2, 67, 109, 19259
What are the prime factors of 784913007?
3, 977, 267797
List the prime factors of 257703834.
2, 3, 42950639
List the prime factors of 153160017.
3, 51053339
List the prime factors of 169032027.
3, 179, 314771
What are the prime factors of 29767030?
2, 5, 659, 4517
What are the prime factors of 4682765125?
5, 37462121
List the prime factors of 10566526.
2, 5283263
What are the prime factors of 37952351?
67, 566453
List the prime factors of 240446067.
3, 43, 1863923
List the prime factors of 172417616.
2, 7, 43, 35801
List the prime factors of 46422872.
2, 31, 187189
List the prime factors of 474511939.
11, 17, 37, 68581
What are the prime factors of 669266698?
2, 29, 41, 229, 1229
List the prime factors of 1529331354.
2, 3, 1723, 5479
What are the prime factors of 27487400?
2, 5, 137437
What are the prime factors of 228148392?
2, 3, 211, 45053
List the prime factors of 51045285.
3, 5, 3403019
What are the prime factors of 790531197?
3, 89, 2960791
List the prime factors of 9379233.
3, 115793
List the prime factors of 1003864473.
3, 3853, 28949
What are the prime factors of 3112334163?
3, 1301, 265807
List the prime factors of 269636077.
59, 607, 7529
List the prime factors of 14299603.
14299603
List the prime factors of 143678931.
3, 11, 19, 229153
List the prime factors of 67024844.
2, 16756211
What are the prime factors of 114790528?
2, 17, 71, 743
What are the prime factors of 6566178?
2, 3, 23, 47581
List the prime factors of 315633615.
3, 5, 11, 137, 13963
What are the prime factors of 127257688?
2, 73, 217907
What are the prime factors of 44479614?
2, 3, 53, 61, 2293
What are the prime factors of 1249441018?
2, 7, 89245787
What are the prime factors of 20796057?
3, 347, 6659
List the prime factors of 1428420838.
2, 13, 67, 819989
What are the prime factors of 166033690?
2, 5, 16603369
List the prime factors of 207746924.
2, 7, 11, 397, 1699
List the prime factors of 124009930.
2, 5, 11, 53, 89, 239
List the prime factors of 1493312609.
127, 283, 41549
List the prime factors of 82116541.
13, 43, 71, 2069
List the prime factors of 4862734735.
5, 972546947
What are the prime factors of 1517671310?
2, 5, 109, 797, 1747
List the prime factors of 6076941935.
5, 31, 39206077
What are the prime factors of 34070261?
17, 2004133
What are the prime factors of 142028794?
2, 31, 157, 14591
List the prime factors of 3398556397.
137, 24806981
What are the prime factors of 1162007756?
2, 7, 13, 456047
List the prime factors of 399298191.
3, 37, 3597281
List the prime factors of 1517128667.
5647, 268661
List the prime factors of 1866357302.
2, 137, 433, 15731
What are the prime factors of 1985229534?
2, 3, 167, 1981267
What are the prime factors of 116706086?
2, 7, 317, 26297
What are the prime factors of 89132623?
89132623
List the prime factors of 16574575.
5, 17, 59, 661
List the prime factors of 535391925.
3, 5, 43, 166013
What are the prime factors of 137001393?
3, 15222377
What are the prime factors of 1744092577?
17, 1601, 64081
What are the prime factors of 43737546?
2, 3, 197, 37003
What are the prime factors of 6077651?
1753, 3467
What are the prime factors of 194100949?
7, 27728707
What are the prime factors of 9114152?
2, 1139269
What are the prime factors of 1457425008?
2, 3, 13, 139, 1867
List the prime factors of 4749460351.
5051, 940301
List the prime factors of 204906969.
3, 353, 21499
List the prime factors of 68637117.
3, 22879039
List the prime factors of 655696740.
2, 3, 5, 307, 35597
What are the prime factors of 86942181?
3, 41, 706847
What are the prime factors of 235411307?
173, 1360759
What are the prime factors of 375511609?
11, 5387, 6337
What are the prime factors of 978278810?
2, 5, 43, 2275067
List the prime factors of 44581591.
44581591
What are the prime factors of 1542296656?
2, 181, 532561
List the prime factors of 748810728.
2, 3, 83, 125303
List the prime factors of 8585772682.
2, 4292886341
List the prime factors of 7488046157.
47, 159320131
List the prime factors of 260970103.
2447, 106649
List the prime factors of 94594282.
2, 347, 136303
List the prime factors of 504974047.
277, 1823011
List the prime factors of 435232039.
11, 3596959
List the prime factors of 31171128.
2, 3, 1298797
List the prime factors of 110676374.
2, 55338187
What are the prime factors of 2748177869?
31, 109, 813311
What are the prime factors of 224039513?
101, 2218213
What are the prime factors of 7243876914?
2, 3, 1207312819
List the prime factors of 463775348.
2, 115943837
What are the prime factors of 917803232?
2, 28681351
What are the prime factors of 153031124?
2, 38257781
List the prime factors of 52229637.
3, 31, 62401
List the prime factors of 338995870.
2, 5, 3331, 10177
List the prime factors of 6746337630.
2, 3, 5, 17, 4409371
What are the prime factors of 47408172?
2, 3, 7, 17, 33199
List the prime factors of 113949701.
41, 2779261
List the prime factors of 3141230459.
3141230459
What are the prime factors of 111712055?
5, 7, 13, 245521
List the prime factors of 417080334.
2, 3, 11, 137, 193, 239
What are the prime factors of 252664708?
2, 4567, 13831
List the prime factors of 41900616.
2, 3, 581953
What are the prime factors of 706489718?
2, 11, 59, 49481
What are the prime factors of 288515?
5, 19, 3037
What are the prime factors of 236419148?
2, 7, 67, 126023
What are the prime factors of 15639155?
5, 7, 73, 6121
What are the prime factors of 232212607?
11, 257, 82141
List the prime factors of 166105373.
7, 23729339
List the prime factors of 198810199.
7, 43, 157, 601
What are the prime factors of 18436551?
3, 7, 17, 43, 1201
What are the prime factors of 71324436?
2, 3, 5943703
List the prime factors of 148893649.
43, 1129, 3067
What are the prime factors of 592318528?
2, 163, 56779
What are the prime factors of 51057029?
51057029
List the prime factors of 22209173.
7, 53, 59863
List the prime factors of 668476249.
7, 5381, 17747
List the prime factors of 768158239.
19, 227, 178103
List the prime factors of 5531505.
3, 5, 7, 139, 379
What are the prime factors of 109844690?
2, 5, 83, 89, 1487
List the prime factors of 54172581.
3, 2083, 8669
List the prime factors of 1650439214.
2, 59, 617, 22669
List the prime factors of 282310799.
282310799
What are the prime factors of 48672804?
2, 3, 4056067
What are the prime factors of 77507849?
1181, 65629
What are the prime factors of 241200310?
2, 5, 13, 23, 80669
List the prime factors of 3374946436.
2, 843736609
What are the prime factors of 403248185?
5, 59, 1366943
What are the prime factors of 14407912?
2, 541, 3329
What are the prime factors of 19741943?
13, 457, 3323
What are the prime factors of 939085273?
7, 134155039
What are the prime factors of 847362851?
149, 5686999
What are the prime factors of 4393667?
17, 23, 661
What are the prime factors of 1604820700?
2, 5, 7, 2292601
What are the prime factors of 5426549198?
2, 7, 1693, 32707
What are the prime factors of 2675151304?
2, 7, 853, 56003
What are the prime factors of 27668718?
2, 3, 7, 11, 19963
List the prime factors of 2341671993.
3, 113, 373, 6173
What are the prime factors of 1514374469?
379, 421, 9491
What are the prime factors of 4504702420?
2, 5, 929, 242449
What are the prime factors of 200553588?
2, 3, 19, 293207
List the prime factors of 2549042146.
2, 7, 31, 103, 127, 449
List the prime factors of 529096734.
2, 3, 821, 35803
List the prime factors of 11267268.
2, 3, 938939
List the prime factors of 58734018.
2, 3, 7, 155381
What are the prime factors of 41598542?
2, 109, 173, 1103
List the prime factors of 2326413771.
3, 11, 7833043
What are the prime factors of 278296491?
3, 11, 179, 4283
List the prime factors of 55011163.
55011163
What are the prime factors of 312029744?
2, 13, 1500143
List the prime factors of 665546